9 - p = -2*w. List the prime factors of t.
2
List the prime factors of (-306)/(-27)*78/4.
13, 17
Let o = 69 - 15. List the prime factors of o.
2, 3
Suppose 0 = f - 2*h - 2 + 5, -5*h = -4*f - 3. Let c be (16/6)/(2/f). Suppose 9*o - 20 = 4*o, -c*s + 8 = -3*o. What are the prime factors of s?
5
Let z(j) = -j**2 - 6*j + 7. Suppose 6*l = 2*l + 120. Suppose -5*q + 0*q = l. What are the prime factors of z(q)?
7
Suppose -2*l - 6 = -n + 17, -5*n + 4*l = -85. Let g(v) = -3*v**3 - v + 2. Let s be g(-2). Let x = s - n. List the prime factors of x.
3, 5
Let d = -33 - -65. List the prime factors of d.
2
Let o be 2/6 + 28/6. Suppose 94 + 80 = 3*q. Suppose -2*j = -7*j - 5*t + 50, o*j - q = 3*t. What are the prime factors of j?
11
Let p be ((-4)/2)/(3/(-12)). Let n = 5 + p. What are the prime factors of n?
13
Suppose -2*f - 8 = -2. Let s be f/9 + (-10)/(-3). What are the prime factors of 1/3*s + 1?
2
Let q be 48/(-36)*(-3)/(-2). What are the prime factors of ((-9)/12)/(q/48)?
2, 3
Suppose -x = -12 - 22. List the prime factors of x.
2, 17
Suppose 0 = -3*o + 5*o - 4. Suppose -q = o*q - 9. Suppose w + 21 = 3*h - 4*w, -3*w + 45 = q*h. What are the prime factors of h?
2, 3
Let k be 3*2/18*0. Suppose 3*x + 3*o - 54 = k, -o + 35 = 5*x - 63. What are the prime factors of x?
2, 5
Suppose -15*i + 8 = -11*i. Suppose 3*w - i = 4. List the prime factors of w.
2
Let q(x) = 36*x**2 + x - 4. List the prime factors of q(2).
2, 71
Let g be ((-6)/(-10))/(6/30). Suppose d + g*d - 96 = 0. Suppose -a - d = -6*a + 2*c, -4*a - 3*c = -10. List the prime factors of a.
2
Let s = 46 - -5. List the prime factors of s.
3, 17
Let b(m) = m + 10. Let r = 6 + -13. Let k be b(r). Suppose -k*c = -2*c - 19. List the prime factors of c.
19
Let d be 2*1/(2/3). Let m = d + 0. What are the prime factors of m?
3
What are the prime factors of (-5)/(-3 - (-14)/5)?
5
Let r(b) be the first derivative of -7*b**4/24 - b**3/2 + b**2 + 1. Let n(p) be the second derivative of r(p). List the prime factors of n(-2).
11
Let i(t) = t**2 - 7*t + 5. Let u be i(6). List the prime factors of 11*u/(-2)*2.
11
Suppose -5*z - 2*p = -p - 283, 236 = 4*z - 4*p. What are the prime factors of z?
3, 19
Let w = 42 + 14. What are the prime factors of w?
2, 7
Let w be 1 + (-3)/((-3)/(-1)). Let c = w - -9. Let y = c - 5. List the prime factors of y.
2
Let w be 208/20 - (-4)/(-10). Suppose 2*z = -3*z + w. What are the prime factors of z?
2
Let q(f) = f**3 - f**2 + f. Let k be q(3). Let u = k - 9. What are the prime factors of u?
2, 3
Let g(i) = i**3 + 12*i**2 + 15*i + 1. What are the prime factors of g(-7)?
3, 47
Let j(t) = 3*t + 4. Let f(y) = -3*y**2 - 2*y + 4*y**2 - 2 + 11*y - 5*y. Let u be f(-5). List the prime factors of j(u).
13
Let a(v) = 105*v**2 + v. Let r be a(1). Let y = -74 + r. Let u = -22 + y. What are the prime factors of u?
2, 5
Let x = 49 - 15. Suppose 2*p + 6 = -2*s + x, -5*s + 5*p = -80. List the prime factors of s.
3, 5
Let l be 30/7 - (-8)/(-28). Let p(w) = -w**2 + 4*w + 2. Let b be p(l). Suppose -4*g - 1 = -b*q + 21, -3*g = q + 9. What are the prime factors of q?
3
Let g(i) = 3*i. Let m be g(1). What are the prime factors of 5 + (2 - -1)/m?
2, 3
Let k(u) be the second derivative of u**4/6 + u**3/6 - u**2/2 - 7*u. What are the prime factors of k(-3)?
2, 7
Let w(u) = u**3 - 3*u**2 + 3. Let p be w(3). Suppose 35 = -3*s - x, -p*s + 2*x - 25 = -2*x. Let a = s - -15. List the prime factors of a.
2
Let n = -23 - -11. What are the prime factors of (-6)/(-4) - 246/n?
2, 11
Suppose -8*p + 180 = -804. List the prime factors of p.
3, 41
Let a = 11 + -27. Let g be (-76)/a + 1/4. List the prime factors of (-3*1)/(g/(-15)).
3
Let i = 5 - 3. Let b = -23 - -65. Suppose 4*l = b - i. List the prime factors of l.
2, 5
Let w(l) be the third derivative of 17*l**4/24 - l**3/3 - 2*l**2. What are the prime factors of w(1)?
3, 5
Suppose -2*t + 4*a = -168, -5*t + 3*a + 446 = 6*a. What are the prime factors of t?
2, 11
Let l(v) = -v**3 + 5*v**2 + 5. Let q be l(5). Suppose 0 = q*g - 76 + 31. Let k(j) = -j + 13. List the prime factors of k(g).
2
Let c(m) = -56*m**3 + m**2 + 3*m + 2. What are the prime factors of c(-1)?
2, 7
Let u(j) = 70*j + 6. What are the prime factors of u(1)?
2, 19
Let a(n) = n**3 + 4*n**2 - n - 4. Let k = 0 + -4. Let v = -7 - k. What are the prime factors of a(v)?
2
Let d(s) = -3*s - 17. Let x(i) = -i - 6. Let o(h) = -3*d(h) + 8*x(h). Suppose 0 = 2*k - k - 3. List the prime factors of o(k).
2, 3
Suppose 0 = -3*z + 2*z - 36. Let d be (-30)/(-9)*z/(-10). Suppose 3*q = -0*q + d. List the prime factors of q.
2
Suppose w - 169 = -30. What are the prime factors of w?
139
Let r be (-3)/5*(-30)/9. Suppose j + 2*j + 21 = 0. Let n = r - j. What are the prime factors of n?
3
Let c = 4 - 4. Suppose -4*p = -c*p - 12. Let z = p - -1. What are the prime factors of z?
2
Let d(w) = w**3 - 5*w**2 + 3. Let z be d(5). Let t(j) = -j**3 - 4*j**2 - 3*j + 3. Let r be t(-3). List the prime factors of 8 + (3 - z - r).
5
Suppose -6*o + 4*o = 8, -11 = -3*i - o. Let s = -4 + i. Suppose 16 - 50 = -4*v - w, v + 4*w - s = 0. List the prime factors of v.
3
Suppose 0 = 3*t + 3. Let y(a) = -a + 1. Let j(k) = -k**2 - 13*k - 5. Let g(b) = t*j(b) + 6*y(b). List the prime factors of g(-8).
19
Let x(g) = 1 + 9*g**2 - 2 - 5*g - 9 - 1 - g**3. List the prime factors of x(8).
13
Let a(m) = -m**2 - 9*m - 9. Suppose f - 4*f = 21. List the prime factors of a(f).
5
Let r(s) = -s**2 + s - 4. Let w be r(0). Let u be w*((-3)/12 - 0). List the prime factors of u*63/12*4.
3, 7
Let z(c) = -c**2 + 9*c + 3. What are the prime factors of z(4)?
23
Suppose -3*p - 12 = -7*p. Suppose p*n = 11 + 1. List the prime factors of n.
2
Suppose 5*n = 4*j - 7, 4*j - 2*j - 4*n = 8. Let q be 1/j + 3/6. Let t = 8 - q. List the prime factors of t.
2
Let h = -34 + 48. What are the prime factors of h?
2, 7
Suppose -3*c - j = -1, 3*c + 6*j - 2*j = -14. Suppose -4*z = s - 5, -4*z - 2 = c. What are the prime factors of s?
3
Let p(j) = -2*j + 8. Let v be p(7). Let y = -15 - v. Let z = -5 - y. What are the prime factors of z?
2
Let n be (-1)/(-3) - (-56)/21. Suppose 51 = 2*u - k, 0 = -2*u + 2*k + n*k + 47. What are the prime factors of u?
2, 13
Suppose -20 = -2*r - 3*r. Suppose 0*m + 2*m - 7 = -5*j, -34 = -2*m + r*j. What are the prime factors of m?
11
Let w(t) = 137*t. List the prime factors of w(1).
137
Let m(s) = s**3 - 9*s**2 - 12*s - 13. List the prime factors of m(11).
97
List the prime factors of ((-2)/(-2))/(2/4).
2
Let o = -7 + 1. Let i = 13 + o. List the prime factors of i.
7
Let r = 23 - 16. Suppose -r + 28 = 3*u. List the prime factors of u.
7
Let q = -11 + 17. Suppose m = -2*m + q. List the prime factors of m.
2
Let n(h) = 5*h**2 - 22*h - 17. Let b(p) = -6*p**2 + 23*p + 17. Let f(z) = 6*b(z) + 7*n(z). What are the prime factors of f(-13)?
2, 11
Let j(w) be the first derivative of w**2/2 - w + 2. Let o be j(9). Let x = o + 1. List the prime factors of x.
3
Suppose -2*n - 10 = -5*j, 2*n - n + 3 = 2*j. Let i(a) = -a**3 + 7*a**2 - 5*a + 3. List the prime factors of i(n).
2, 7
Let w(z) be the third derivative of z**5/60 - 5*z**4/24 - z**3/6 + 10*z**2. Let r be (-9)/(-2)*(-8)/(-6). What are the prime factors of w(r)?
5
Suppose y - 6 = -2*o, -2*y + o + 6 = -1. Suppose u - 3*u = -y*i + 12, 5*u = 20. Suppose a - 34 = i*v, -a = 3*a + 5*v - 11. List the prime factors of a.
3
Suppose 0 = -3*i + 24 - 9. Let m = -52 - -76. Suppose -z - m = -i*z. What are the prime factors of z?
2, 3
Suppose 4*r = 4*f - r - 18, 5*f + 2*r = 6. Let y(n) = n**3 + 3*n - 3. List the prime factors of y(f).
11
Let u(k) = -k + 23. What are the prime factors of u(9)?
2, 7
Suppose -3*b - 6 = -2*b - 2*r, -4 = 4*b - 3*r. List the prime factors of (3 - 1) + (3 - b).
3
Let g be -1*(-5)/((-15)/21). Let c(f) = 14*f**2 + 2*f + 1. Let y be c(-1). Let x = g + y. What are the prime factors of x?
2, 3
Let h(d) = -d + 5. Let m be h(5). Suppose -4*v - v - 20 = 0. List the prime factors of (v/(-1))/(m + 2).
2
Suppose -4*n = -3*n - 47. What are the prime factors of n?
47
Suppose -4*w + 0*w = -20. List the prime factors of w.
5
Let y(c) = -6*c + 2*c**2 + 0*c - 7 - c**2. Let m be y(7). Suppose 0*t - t + 11 = m. What are the prime factors of t?
11
Let u = 14 + -17. Let d = u - -10. List the prime factors of d.
7
Suppose -5*l = -l + 4. What a